{"id":312,"date":"2016-08-04T20:11:33","date_gmt":"2016-08-04T18:11:33","guid":{"rendered":"http:\/\/heliodrom.de\/?page_id=312"},"modified":"2017-06-22T22:05:11","modified_gmt":"2017-06-22T20:05:11","slug":"andeer-kulturwochen","status":"publish","type":"page","link":"https:\/\/heliodrom.de\/de\/moegliche-ereignisse\/vergangene-veranstaltungen\/andeer-kulturwochen\/","title":{"rendered":"Andeer Kulturwochen &#8222;Zum Abheben&#8220;"},"content":{"rendered":"<p><b>Vom 11. bis 28. August gastiert das Theater R.A.B. mit seinem energie-autarken \u00abHeliodrom-Theaterzelt\u00bb in Andeer (direkt vor dem Freibad). Am Standort direkt neben dem Freibad wird eine bunte Palette an Veranstaltungen pr\u00e4sentiert: Theater, Erz\u00e4hlungen, Lesungen, Workshops und Konzerte.<\/b><\/p>\n<p>Franziska Braegger und Len Shirts vom Theater R.A.B. verbindet viel mit der Gegend um den Piz Beverin. Die beiden leidenschaftlichen Maskenschauspieler haben vor fast 25 Jahren auf der Burg Hohen R\u00e4tien geheiratet und sind immer wieder in der Region unterwegs. So waren sie vor zwei Jahren mit ihrem engerie-autarken Heliodrom-Theaterzelt auf der Alp Flix und haben dort unterschiedliche Veranstaltungen durchgef\u00fchrt. Diesen August stellen sie ihr Zelt erstmals in Andeer auf und organisieren dort w\u00e4hrend zwei Wochen wiederum ein reichhaltiges und vielf\u00e4ltiges Kulturprogramm mit Konzerten, Lesungen und Theater-Veranstaltungen.<\/p>\n<p>Die auftretenden K\u00fcnstler kommen von nah und fern: Corin Curschellas mit ihrem Trio \u00abLa Triada\u00bb, der Autor Reto H\u00e4nny, der irische Songwriter Shane Brady zusammen mit Michel Estermann oder auch die Autorin Martina Schlapbach die mit Geschichten aus Tadschikistan und dem Projekt \u00abCheese Exchange\u00bb unterwegs ist. Auch haben die Viamala H\u00e4xen, das Improvisationstheater \u00abLamuns\u00bb und der Schauspieler und Komiker Jonas Sch\u00fctte einen Auftritt. F\u00fcr die Bewirtung sorgt der benachbarte Kiosk beim Freibad.<\/p>\n<p>Andeer erwartet also ein spannender Mix aus einheimischen und internationalen Kulturschaffenden und die beiden Macher vom Theater R.A.B. stehen selbstverst\u00e4ndlich auch selbst auf der B\u00fchne.<\/p>\n<p><i>Die Heliodrom Kulturwochen werden erm\u00f6glicht durch die freundliche Unterst\u00fctzung von: Kanton Graub\u00fcnden,\u00a0Gemeinde Andeer, \u00a0Naturpark Beverin, Migros Kultur\u2013prozent, Graub\u00fcndner Kantonalbank, den Kraftwerk Hinterrhein AG, der Cagliatscha-Stiftung und Cultura Viamala.<\/i><\/p>\n<p><b><a href=\"http:\/\/heliodrom.de\/wp-content\/uploads\/2016\/08\/image003.jpg\"><img loading=\"lazy\" decoding=\"async\" alt=\"image003\" src=\"http:\/\/heliodrom.de\/wp-content\/uploads\/2016\/08\/image003.jpg\" width=\"96\" height=\"160\" \/><\/a>\u00a0<a href=\"http:\/\/heliodrom.de\/wp-content\/uploads\/2016\/08\/Migros-Logo-1.gif\"><img loading=\"lazy\" decoding=\"async\" alt=\"Migros Logo 1\" src=\"http:\/\/heliodrom.de\/wp-content\/uploads\/2016\/08\/Migros-Logo-1-300x112.gif\" width=\"300\" height=\"112\" \/><\/a><a href=\"http:\/\/heliodrom.de\/wp-content\/uploads\/2016\/08\/KHR-Logo-ohne-Ort-quer-farbig.jpg\"><img loading=\"lazy\" decoding=\"async\" alt=\"KHR - Logo ohne Ort quer - farbig\" src=\"http:\/\/heliodrom.de\/wp-content\/uploads\/2016\/08\/KHR-Logo-ohne-Ort-quer-farbig-300x47.jpg\" width=\"300\" height=\"47\" \/><\/a>\u00a0<a href=\"http:\/\/heliodrom.de\/wp-content\/uploads\/2016\/08\/Logo-Kantonalbank.jpg\"><img loading=\"lazy\" decoding=\"async\" alt=\"Logo Kantonalbank\" src=\"http:\/\/heliodrom.de\/wp-content\/uploads\/2016\/08\/Logo-Kantonalbank-300x73.jpg\" width=\"300\" height=\"73\" \/><\/a>\u00a0<a href=\"http:\/\/heliodrom.de\/wp-content\/uploads\/2016\/08\/logo_viamala_quer.jpg\"><img loading=\"lazy\" decoding=\"async\" alt=\"logo_viamala_quer\" src=\"http:\/\/heliodrom.de\/wp-content\/uploads\/2016\/08\/logo_viamala_quer-300x85.jpg\" width=\"300\" height=\"85\" \/><\/a><\/b><\/p>\n<ul>\n<li>Donnerstag 11. August, 18 \u2013 21 Uhr <b>Er\u00f6ffnungsfeier<\/b><\/li>\n<li>Freitag 12. August, 19.30 Uhr <b>Konzert \u00abLa Triada\u00bb<\/b><\/li>\n<li>Samstag 13. August, 15 Uhr <b>\u00abDer Nichtsnutz\u00bb \u2013 Theater f\u00fcr Kinder und Erwachsene<\/b><\/li>\n<li>Samstag 13. August, 19.30 Uhr <b>Romeo vs. Julia: Liebe zum Ableben<\/b><\/li>\n<li>Sonntag 14. August, 15 Uhr <b>\u00abDer Nichtsnutz\u00bb \u2013 Theater f\u00fcr Kinder und Erwachsene<\/b><\/li>\n<li>Sonntag 14. August, 19.30 Uhr <b>Romeo vs. Julia: Liebe zum Ableben<\/b><\/li>\n<li><a href=\"http:\/\/heliodrom.de\/de\/andeer-kulturwochen\/maskenspiel-leicht-gemacht\/\">Montag 15. August, 11 bis 15 Uhr <b>Maskenworkshop: Maskenspiel leicht gemacht!<\/b><\/a><\/li>\n<li><b><\/b><a href=\"http:\/\/heliodrom.de\/de\/andeer-kulturwochen\/maskenspiel-leicht-gemacht\/\">Dienstag 16. August, 11 bis 15 Uhr\u00a0<b>Maskenworkshop: Maskenspiel leicht gemacht!<\/b><\/a><\/li>\n<li>Dienstag 16. August, 19.30 Uhr <b>Konzert Shane Brady mit Michel Estermann<\/b><\/li>\n<li><a href=\"http:\/\/heliodrom.de\/de\/andeer-kulturwochen\/maskenspiel-leicht-gemacht\/\">Mittwoch 17. August, 11 bis 15 Uhr <b>Maskenworkshop: Maskenspiel leicht gemacht!<\/b><\/a><\/li>\n<li>Mittwoch 17. August, 19.30 Uhr <b>Reto H\u00e4nny liest aus \u00abFlug\u00bb und aus neuen Texten.<\/b><\/li>\n<li>Donnerstag 18. August, 19.30 Uhr <b>\u00abUm die Welt in 80 Tagen\u00bb<\/b><\/li>\n<li>Freitag 19. August, 19.30 Uhr <b>\u00abUm die Welt in 80 Tagen\u00bb<\/b><\/li>\n<li>Samstag 20. August, 11.00 Uhr <b>Erz\u00e4hlung f\u00fcr Kinder Theater R.A.B.<\/b><\/li>\n<li>Sonntag 21. August, 11.30 Uhr <b>Lesung \u00abzTadschikistan\u00bb<\/b><\/li>\n<li>Sonntag 21. August, 19.30 Uhr <b>\u00abViamala H\u00e4xen\u00bb<\/b><\/li>\n<li>Dienstag 23. August, 20 Uhr <b>Improvisationstheater mit Lamuns aus Chur<\/b><\/li>\n<li>Mittwoch 24. August, 19.30 Uhr <b>\u00abR\u00fcckw\u00e4rts \u00fcber den Jacobs Weg\u00bb Lesung von Jonas Sch\u00fctte<\/b><\/li>\n<li>Donnerstag 25. August, 19.30 Uhr <b>Gespr\u00e4chsrunde \u00abDer Traum vom Fliegen\u00bb<\/b><\/li>\n<li>Sonntag 28. August, ab 15 Uhr <b>Kirchenfest \u2013 \u00abViamala H\u00e4x unterw\u00e4x\u00bb<\/b><\/li>\n<\/ul>\n<p>Parallel zum Veranstaltungsprogramm findet ein einw\u00f6chiger Theaterworkshop mit der 6. Schulklasse der Schule Andeer\/Zillis statt. Vom Montag, 22. August, bis Freitag, 26. August, arbeitet das Theater R.A.B. mit den Schamser Sch\u00fclern am Thema \u00abZukunftsvisionen\u00bb und f\u00fchrt das Ergebnis am Freitag, 26. August, im Schulhaus in Zillis auf.<\/p>\n<p>Billetts f\u00fcr die Veranstaltungen k\u00f6nnen bei der G\u00e4steinformation Viamala unter der Telefonnummer 081 650 90 30 reserviert werden (Mo \u2013 Sa 8 \u2013 12 &amp; 13.30 \u2013 17 Uhr).<\/p>\n","protected":false},"excerpt":{"rendered":"<p>Vom 11. bis 28. August gastiert das Theater R.A.B. mit seinem energie-autarken \u00abHeliodrom-Theaterzelt\u00bb in Andeer (direkt vor dem Freibad). Am Standort direkt neben dem Freibad wird eine bunte Palette an Veranstaltungen pr\u00e4sentiert: Theater, Erz\u00e4hlungen, Lesungen, Workshops und Konzerte. Franziska Braegger &hellip; <a href=\"https:\/\/heliodrom.de\/de\/moegliche-ereignisse\/vergangene-veranstaltungen\/andeer-kulturwochen\/\">Weiterlesen <span class=\"meta-nav\">&rarr;<\/span><\/a><\/p>\n","protected":false},"author":1,"featured_media":0,"parent":430,"menu_order":4,"comment_status":"closed","ping_status":"closed","template":"","meta":{"footnotes":""},"class_list":["post-312","page","type-page","status-publish","hentry"],"_links":{"self":[{"href":"https:\/\/heliodrom.de\/de\/wp-json\/wp\/v2\/pages\/312"}],"collection":[{"href":"https:\/\/heliodrom.de\/de\/wp-json\/wp\/v2\/pages"}],"about":[{"href":"https:\/\/heliodrom.de\/de\/wp-json\/wp\/v2\/types\/page"}],"author":[{"embeddable":true,"href":"https:\/\/heliodrom.de\/de\/wp-json\/wp\/v2\/users\/1"}],"replies":[{"embeddable":true,"href":"https:\/\/heliodrom.de\/de\/wp-json\/wp\/v2\/comments?post=312"}],"version-history":[{"count":6,"href":"https:\/\/heliodrom.de\/de\/wp-json\/wp\/v2\/pages\/312\/revisions"}],"predecessor-version":[{"id":413,"href":"https:\/\/heliodrom.de\/de\/wp-json\/wp\/v2\/pages\/312\/revisions\/413"}],"up":[{"embeddable":true,"href":"https:\/\/heliodrom.de\/de\/wp-json\/wp\/v2\/pages\/430"}],"wp:attachment":[{"href":"https:\/\/heliodrom.de\/de\/wp-json\/wp\/v2\/media?parent=312"}],"curies":[{"name":"wp","href":"https:\/\/api.w.org\/{rel}","templated":true}]}}

<p><b>Vom 11. bis 28. August gastiert das Theater R.A.B. mit seinem energie-autarken «Heliodrom-Theaterzelt» in Andeer (direkt vor dem Freibad). Am Standort direkt neben dem Freibad wird eine bunte Palette an Veranstaltungen präsentiert: Theater, Erzählungen, Lesungen, Workshops und Konzerte.</b></p>
<p>Franziska Braegger und Len Shirts vom Theater R.A.B. verbindet viel mit der Gegend um den Piz Beverin. Die beiden leidenschaftlichen Maskenschauspieler haben vor fast 25 Jahren auf der Burg Hohen Rätien geheiratet und sind immer wieder in der Region unterwegs. So waren sie vor zwei Jahren mit ihrem engerie-autarken Heliodrom-Theaterzelt auf der Alp Flix und haben dort unterschiedliche Veranstaltungen durchgeführt. Diesen August stellen sie ihr Zelt erstmals in Andeer auf und organisieren dort während zwei Wochen wiederum ein reichhaltiges und vielfältiges Kulturprogramm mit Konzerten, Lesungen und Theater-Veranstaltungen.</p>
<p>Die auftretenden Künstler kommen von nah und fern: Corin Curschellas mit ihrem Trio «La Triada», der Autor Reto Hänny, der irische Songwriter Shane Brady zusammen mit Michel Estermann oder auch die Autorin Martina Schlapbach die mit Geschichten aus Tadschikistan und dem Projekt «Cheese Exchange» unterwegs ist. Auch haben die Viamala Häxen, das Improvisationstheater «Lamuns» und der Schauspieler und Komiker Jonas Schütte einen Auftritt. Für die Bewirtung sorgt der benachbarte Kiosk beim Freibad.</p>
<p>Andeer erwartet also ein spannender Mix aus einheimischen und internationalen Kulturschaffenden und die beiden Macher vom Theater R.A.B. stehen selbstverständlich auch selbst auf der Bühne.</p>
<p><i>Die Heliodrom Kulturwochen werden ermöglicht durch die freundliche Unterstützung von: Kanton Graubünden, Gemeinde Andeer,  Naturpark Beverin, Migros Kultur–prozent, Graubündner Kantonalbank, den Kraftwerk Hinterrhein AG, der Cagliatscha-Stiftung und Cultura Viamala.</i></p>
<p><b><a href="http://heliodrom.de/wp-content/uploads/2016/08/image003.jpg"><img loading="lazy" decoding="async" alt="image003" src="http://heliodrom.de/wp-content/uploads/2016/08/image003.jpg" width="96" height="160" /></a> <a href="http://heliodrom.de/wp-content/uploads/2016/08/Migros-Logo-1.gif"><img loading="lazy" decoding="async" alt="Migros Logo 1" src="http://heliodrom.de/wp-content/uploads/2016/08/Migros-Logo-1-300x112.gif" width="300" height="112" /></a><a href="http://heliodrom.de/wp-content/uploads/2016/08/KHR-Logo-ohne-Ort-quer-farbig.jpg"><img loading="lazy" decoding="async" alt="KHR - Logo ohne Ort quer - farbig" src="http://heliodrom.de/wp-content/uploads/2016/08/KHR-Logo-ohne-Ort-quer-farbig-300x47.jpg" width="300" height="47" /></a> <a href="http://heliodrom.de/wp-content/uploads/2016/08/Logo-Kantonalbank.jpg"><img loading="lazy" decoding="async" alt="Logo Kantonalbank" src="http://heliodrom.de/wp-content/uploads/2016/08/Logo-Kantonalbank-300x73.jpg" width="300" height="73" /></a> <a href="http://heliodrom.de/wp-content/uploads/2016/08/logo_viamala_quer.jpg"><img loading="lazy" decoding="async" alt="logo_viamala_quer" src="http://heliodrom.de/wp-content/uploads/2016/08/logo_viamala_quer-300x85.jpg" width="300" height="85" /></a></b></p>
<ul>
<li>Donnerstag 11. August, 18 – 21 Uhr <b>Eröffnungsfeier</b></li>
<li>Freitag 12. August, 19.30 Uhr <b>Konzert «La Triada»</b></li>
<li>Samstag 13. August, 15 Uhr <b>«Der Nichtsnutz» – Theater für Kinder und Erwachsene</b></li>
<li>Samstag 13. August, 19.30 Uhr <b>Romeo vs. Julia: Liebe zum Ableben</b></li>
<li>Sonntag 14. August, 15 Uhr <b>«Der Nichtsnutz» – Theater für Kinder und Erwachsene</b></li>
<li>Sonntag 14. August, 19.30 Uhr <b>Romeo vs. Julia: Liebe zum Ableben</b></li>
<li><a href="http://heliodrom.de/de/andeer-kulturwochen/maskenspiel-leicht-gemacht/">Montag 15. August, 11 bis 15 Uhr <b>Maskenworkshop: Maskenspiel leicht gemacht!</b></a></li>
<li><b></b><a href="http://heliodrom.de/de/andeer-kulturwochen/maskenspiel-leicht-gemacht/">Dienstag 16. August, 11 bis 15 Uhr <b>Maskenworkshop: Maskenspiel leicht gemacht!</b></a></li>
<li>Dienstag 16. August, 19.30 Uhr <b>Konzert Shane Brady mit Michel Estermann</b></li>
<li><a href="http://heliodrom.de/de/andeer-kulturwochen/maskenspiel-leicht-gemacht/">Mittwoch 17. August, 11 bis 15 Uhr <b>Maskenworkshop: Maskenspiel leicht gemacht!</b></a></li>
<li>Mittwoch 17. August, 19.30 Uhr <b>Reto Hänny liest aus «Flug» und aus neuen Texten.</b></li>
<li>Donnerstag 18. August, 19.30 Uhr <b>«Um die Welt in 80 Tagen»</b></li>
<li>Freitag 19. August, 19.30 Uhr <b>«Um die Welt in 80 Tagen»</b></li>
<li>Samstag 20. August, 11.00 Uhr <b>Erzählung für Kinder Theater R.A.B.</b></li>
<li>Sonntag 21. August, 11.30 Uhr <b>Lesung «zTadschikistan»</b></li>
<li>Sonntag 21. August, 19.30 Uhr <b>«Viamala Häxen»</b></li>
<li>Dienstag 23. August, 20 Uhr <b>Improvisationstheater mit Lamuns aus Chur</b></li>
<li>Mittwoch 24. August, 19.30 Uhr <b>«Rückwärts über den Jacobs Weg» Lesung von Jonas Schütte</b></li>
<li>Donnerstag 25. August, 19.30 Uhr <b>Gesprächsrunde «Der Traum vom Fliegen»</b></li>
<li>Sonntag 28. August, ab 15 Uhr <b>Kirchenfest – «Viamala Häx unterwäx»</b></li>
</ul>
<p>Parallel zum Veranstaltungsprogramm findet ein einwöchiger Theaterworkshop mit der 6. Schulklasse der Schule Andeer/Zillis statt. Vom Montag, 22. August, bis Freitag, 26. August, arbeitet das Theater R.A.B. mit den Schamser Schülern am Thema «Zukunftsvisionen» und führt das Ergebnis am Freitag, 26. August, im Schulhaus in Zillis auf.</p>
<p>Billetts für die Veranstaltungen können bei der Gästeinformation Viamala unter der Telefonnummer 081 650 90 30 reserviert werden (Mo – Sa 8 – 12 &amp; 13.30 – 17 Uhr).</p>

<p>Vom 11. bis 28. August gastiert das Theater R.A.B. mit seinem energie-autarken «Heliodrom-Theaterzelt» in Andeer (direkt vor dem Freibad). Am Standort direkt neben dem Freibad wird eine bunte Palette an Veranstaltungen präsentiert: Theater, Erzählungen, Lesungen, Workshops und Konzerte. Franziska Braegger &hellip; <a href="https://heliodrom.de/de/moegliche-ereignisse/vergangene-veranstaltungen/andeer-kulturwochen/">Weiterlesen <span class="meta-nav">&rarr;</span></a></p>
